er when 57 is divided by 13 + 2/((-6)/(-9))*-1.
7
Let v be -1 + 2/(-2)*-3. Suppose 2*m - m - 15 = -g, 0 = v*m - 2. Suppose -3*f + 2*f - 5 = -5*u, -u - 18 = -4*f. Calculate the remainder when g is divided by f.
4
Let r = -3 - -4. What is the remainder when (14/35)/(r/55) is divided by 8?
6
Let x(h) = 2*h + 3. Let v be x(4). Suppose -2*o + 57 = v. Suppose y - 9 = o. What is the remainder when y is divided by 11?
10
Suppose 0 = -0*k - k + a + 1, 5*k + 3*a = 45. Suppose -4*m + 22 + k = 0. What is the remainder when m is divided by 4?
3
Suppose -n = -0 - 2. Let k be ((-2)/3)/((-10)/165). Let q = k + -6. What is the remainder when q is divided by n?
1
Suppose 0 = c - 2*m + 4*m, 0 = 5*c - m - 22. Suppose 2*w = -8*r + 4*r, -13 = -c*w + 5*r. Suppose 2*i = i + w. What is the remainder when 3 is divided by i?
1
Let q be 0*(0 - 1) + 2. Suppose 1 + 9 = -n. What is the remainder when q*(n/4)/(-5) is divided by 1?
0
Let c = -15 + 24. Suppose 0 = 2*p + 5*n + 5, -p + 3*n + 14 = -0*n. Suppose -3 = -2*f + 3, 2*f = -p*g + 136. What is the remainder when g is divided by c?
8
Let z(y) = 4*y**2 + 2*y + 1. Let i be z(-1). Let g = 1 + i. Suppose 3*k - g*k + 20 = 0. Calculate the remainder when k is divided by 7.
6
Suppose f - 4*j - 89 = -2*f, 4*j = -20. Calculate the remainder when f is divided by (1 - 7/3)*-6.
7
Let m(o) = -o**3 - 10*o**2 - 9*o + 2. Let i be m(-9). Suppose i*u - 3 - 11 = 0. Calculate the remainder when u is divided by 4/5*(1 - -4).
3
Suppose -4 + 29 = 5*f. Suppose 0 = 4*h - 3*n - 96, 5*n = -h + f*h - 88. Calculate the remainder when h is divided by 15.
12
Let j be -6 + 3 + 0/3. What is the remainder when 18 is divided by ((-18)/j)/3 - -8?
8
Let x(z) = z**3 - z**2 + z + 5. Let c be x(0). Suppose -v + 6 = 4*j, 0*v + c*j = -5*v + 60. What is the remainder when v is divided by 5?
4
Let d(q) = 10*q**2 - 2*q + 2. Calculate the remainder when 56 is divided by d(1).
6
Let x(n) = -2*n - 5*n - 2 + 6*n + n**2. Let t be x(-2). Calculate the remainder when 34 is divided by (-6)/t - 27/(-2).
10
Let z(w) = -7*w + 8. Let t be z(-6). What is the remainder when t + (5 - (-2)/(-1)) is divided by 18?
17
Let k be -1 + 8/(-2)*-22. Let j = -50 + k. Let a = 28 - 9. What is the remainder when j is divided by a?
18
Suppose 0 = 12*j - 6*j - 432. Calculate the remainder when j is divided by 15.
12
Let f = 10 - -19. What is the remainder when f is divided by 10?
9
Let u be ((-3)/(-3))/((-1)/(-3)). Suppose -u = -t - 0*t. Suppose -t*s = 2*z - 83, -5*z + 2*s + 265 = -2*s. Calculate the remainder when z is divided by 13.
10
Let d(h) = 5*h**2 - 4*h - 2. What is the remainder when d(-5) is divided by 48?
47
Let k(f) = 2*f**2 - f + 2. Let i be k(2). Suppose i = -2*x + 28. Suppose -2*d + 4*d = x. Calculate the remainder when 18 is divided by d.
3
Let j(l) = l**2 - l - 12. Calculate the remainder when 43 is divided by j(5).
3
Suppose -4*w - w - 5*y = 15, -w - 3*y - 9 = 0. Suppose w = -0*f + 4*f - 4*p - 16, -2*f + 4*p = -4. What is the remainder when 11 is divided by f?
5
Suppose 99 = f + 4*z, -3*f - 432 = -8*f + z. Calculate the remainder when f is divided by 22.
21
Suppose -y + 2 = y. What is the remainder when y is divided by 1?
0
Suppose 0 = o - 0*o - 6. Suppose 0 = 3*i + p - 42, -3*i = -8*p + o*p - 51. What is the remainder when 28 is divided by i?
13
What is the remainder when (198/2)/3*1 is divided by 12?
9
Let m be (18/(-12))/(3/52). Calculate the remainder when -1 + 3/(3/35) is divided by 3/6*(-2 - m).
10
Let y = -29 - -46. Calculate the remainder when y is divided by 10.
7
Suppose -5*l + 129 = 4*c - c, -3*c = -2*l + 39. What is the remainder when l is divided by 14?
10
Suppose 0 = 4*k + 2*k - 270. What is the remainder when k is divided by 12?
9
Let b = 32 + -12. What is the remainder when 99 is divided by b?
19
Suppose 3*u - 15 = 147. Calculate the remainder when u is divided by 14.
12
Let h be 6/30 + (-148)/(-10). Let b = h - 11. Suppose -3*z + 75 = -3*k, -b = -2*z + k + 50. What is the remainder when z is divided by 10?
9
Suppose 0 = -3*m + 66 - 12. Calculate the remainder when m is divided by 7.
4
Let t(c) = 3*c + 5. Calculate the remainder when 49 is divided by t(4).
15
Let a be (-16)/(-40) - (-36)/10. Suppose a*c - 4*l = 288, 3*c - 2*c - 82 = -l. Calculate the remainder when c is divided by 20.
17
Let p(n) = n**3 - 10*n**2 - 5*n - 6. Let b be p(10). Calculate the remainder when 15 is divided by (2/(-4))/(7/b).
3
Suppose 3*c - 4*c + 7 = -r, 0 = 5*r + 2*c + 21. Let v = 7 + r. What is the remainder when 2 is divided by v?
0
Suppose -31 = 3*l + 11. Let u = 25 - l. What is the remainder when u is divided by 61/3 + 2/(-6)?
19
What is the remainder when 93 is divided by (1*-2)/(1/(-8))?
13
Suppose 0 = -8*u + 11*u - 30. What is the remainder when 19 is divided by u?
9
Let z(q) = -q**3 - 5*q**2 - 7*q - 6. What is the remainder when 29 is divided by z(-4)?
5
Suppose -3*r = -108 + 3. Calculate the remainder when r is divided by 12.
11
Let u be (-30)/(-4)*(-1 + 23). What is the remainder when 65 is divided by (-4)/(-5)*u/6?
21
Let s(y) = y**3 - 5*y**2 - 5*y - 4. Let o(k) = -k**2 + 3*k + 2. Let z be o(3). Suppose -z*v + 8 = -0*v. What is the remainder when v is divided by s(6)?
0
Let c = -35 + 59. Suppose -w + 5*m = -c, -4*w + 5*w - 2*m = 15. Suppose 11 = 5*f - w. What is the remainder when f is divided by 3?
1
Let b(j) = -j**3 - 12*j**2 + 4. Let i be b(-12). Calculate the remainder when 3/(6/26) - 0 is divided by 3 + -2 - i/(-1).
3
Suppose -2*c - 10 = 8. What is the remainder when (-2)/c + 115/9 is divided by (3 + 22/(-6))*15/(-2)?
3
Suppose 5*d + 246 = -3*a, a - 82 = 2*a + 2*d. Let y = a - -145. Suppose -4*n + 5*j = -y - 4, -j + 62 = 5*n. What is the remainder when 50 is divided by n?
11
Let w(y) = -4*y + 2. Let x be w(6). Let b = 8 - x. Calculate the remainder when b is divided by 17.
13
Suppose 3*r - q = -4*q + 63, -5*r + 96 = -4*q. Calculate the remainder when 35 is divided by r.
15
Let n(g) be the first derivative of g**4/4 + 5*g**3/3 + 6*g + 1. Let k be n(-5). What is the remainder when (0 + 37)*(k - 5) is divided by 10?
7
Let c(i) = 4*i - 4. What is the remainder when 45 is divided by c(5)?
13
Let v(m) = m**2 + 5*m + 7. Let g(i) = -i**3 - i**2 - 2*i + 1. Let o be g(-2). Calculate the remainder when v(o) is divided by 34.
31
Let u(z) = -8*z**2 + 4*z - 3. Let h be u(2). Let p = h + 39. Calculate the remainder when 33 is divided by p.
9
Suppose 3*y = 4*y - 38. Suppose 3*q = q + y. Calculate the remainder when q is divided by 7.
5
Suppose 4*m = -n - 2, 0 + 1 = 3*n + 5*m. Let j = 4 - n. Suppose 2*q - 4 = 2. What is the remainder when q is divided by j?
1
Suppose 5*l - 52 + 17 = 0. What is the remainder when l is divided by 6?
1
Let t(r) = -2*r + 6. Let p(i) = i**3 + 6*i**2 - 9*i - 10. Let b be p(-7). Let w be t(b). What is the remainder when 40 is divided by 13 - (-2)/w*-1?
12
Let a(c) = -c**2 + 3*c + 3. Let d be a(5). Let n = d - -17. What is the remainder when 19 is divided by n?
9
Let o(w) = 3*w**2 - 2*w - 1. Suppose -3*g + 1 = -29. What is the remainder when 434/g + 6/(-15) is divided by o(-2)?
13
Let l(z) = z**2 - 4*z - 5. Calculate the remainder when 45 is divided by l(7).
13
Let v be -5*(-3 + 13/5). What is the remainder when v/(-7) - 176/(-28) is divided by 2?
0
Let u = 144 - 125. Calculate the remainder when u is divided by 7.
5
Let a(d) = -d + 5. What is the remainder when a(-15) is divided by 7?
6
Let k be (-15)/(-2)*18/(-27). Let z = 17 + k. Suppose -3*n = -5*f + 2*n + 100, 0 = -3*f + n + 64. Calculate the remainder when f is divided by z.
10
What is the remainder when 70 is divided by -1*(-9 + (2 - 4))?
4
Suppose 0 = -s - 3*s + 56. Let q = -4 - -4. Suppose q*r = r - 41. Calculate the remainder when r is divided by s.
13
Calculate the remainder when 75 is divided by (-5 + 6)*(18 + 1).
18
Suppose 6*w + 27 = 327. Suppose -4*p + 0*m = -4*m - 52, -5*p - 4*m + 101 = 0. Calculate the remainder when w is divided by p.
16
Calculate the remainder when 23 is divided by -3 - (-12 + 2 + -1).
7
Let i = -132 + 241. Calculate the remainder when i is divided by 28.
25
Suppose 57 = m - 0*m. Suppose 0 = 2*d - 4*o - 122, d + 0*o = o + m. Calculate the remainder when d is divided by 14.
11
Let v = -7 + 14. Let w = 9 - v. What is the remainder when 5 is divided by w?
1
Let a = -125 + 20